he greatest common factor of 16 and f?
16
Suppose 0*c - 4*c = -w + 48, 20 = -4*c. Suppose -7*g + 20 = -3*g. Suppose 0*i - 20 = -g*i. Calculate the highest common divisor of w and i.
4
Let r = 3 + 1. Suppose 0 = -2*w + r*d + 20, 3*w - d = 2*w + 14. Let h = w - 9. Calculate the highest common factor of 27 and h.
9
Suppose -8 = 4*x - 8*x. Let a(y) = y**2 + 5*y - 3. Let r be a(-6). Let o be x + r*-1 + 17. Calculate the greatest common factor of o and 32.
16
Let w be (-5)/((-15)/54)*1. Let f = 29 - w. Let x = -8 + f. What is the greatest common divisor of x and 3?
3
Let f(t) = 2*t - 5. Suppose z - 32 = -3*z. Let s be f(z). Let l = s - 8. What is the greatest common divisor of 9 and l?
3
Let m(j) = -2*j**3 + 2*j**2 + j + 1. Let s be m(2). Let c(r) = -r**3 - 3*r**2 + 4*r. Let p be c(s). Calculate the highest common factor of 20 and p.
10
Let q be (-4 - -3)/(2/6). Let k = q - -8. Calculate the highest common divisor of 5 and k.
5
Let j = 9 - -18. Suppose l - 3 = k, -2*k - k - 1 = -2*l. Suppose 0 = 2*h + l, -m + 2*h = 3*h - 5. What is the greatest common divisor of m and j?
9
Let j = -5 + 13. Calculate the greatest common factor of 2 and j.
2
Suppose -5*b + 32 = -2*i + 5*i, 12 = 2*b + i. Calculate the highest common factor of b and 8.
4
Suppose 3*x = -m + 93, -4*x + 104 = 5*m - 31. What is the highest common divisor of x and 12?
6
Let t = 25 + -8. What is the greatest common divisor of t and 51?
17
Suppose 4*u - 36 = -2*a, -5*u = 5*a - 4 - 36. What is the greatest common factor of 2 and u?
2
Let j(c) = -c**2 + 2*c + 1. Let w be j(4). Let o = 5 + w. Let v be ((-6)/(-9))/(o/(-57)). Calculate the greatest common divisor of v and 57.
19
Suppose 4*q = -4*p + 220, -p + q - 107 = -3*p. Calculate the highest common divisor of p and 130.
26
Let g(d) = -d**3 + 8*d**2 - 5*d + 5. Let f be g(7). Calculate the highest common divisor of 38 and f.
19
Let y = -6 + 9. Let d = y - -9. What is the highest common factor of 4 and d?
4
Suppose 14*g = 3*g + 154. Calculate the highest common factor of g and 238.
14
Let x be (0/(-3) - -2) + 1. Suppose -4*u + 40 = -u + 5*q, 0 = x*u + 3*q - 48. Calculate the highest common divisor of 5 and u.
5
Suppose 0*o = 5*o - 2*n - 167, 2*n = -5*o + 163. Suppose 4*h + 3*y = 6, -4*y - y - 10 = 0. What is the greatest common divisor of h and o?
3
Let k be (-110)/(-6)*(-78)/(-65). Let v(a) = a**2 + 4*a - 5. Let d be v(-5). Let u be (-11*(d - -1))/(-1). What is the greatest common divisor of u and k?
11
Suppose 5*i - 10 = 4*i + 3*y, -y - 14 = -3*i. Let a be 3459/15 - i/(-10). Calculate the highest common factor of a and 21.
21
Let x(q) = 4*q**2 + q + 2. Let r be x(2). Let b be -2 + 1 + 5 + 0. Suppose -4*l + a + 4*a = -35, -b*l = 3*a - 11. What is the highest common divisor of r and l?
5
Let a be 8/5 + 4/10. Let u be a/4 + (-26)/(-4). Let q be ((-84)/10)/(14/(-35)). Calculate the highest common divisor of q and u.
7
Let u be (-170)/(-15) + 2/3. Suppose z - 2*z = -6. What is the highest common factor of z and u?
6
Suppose 0 = -4*x - 27 + 123. Calculate the greatest common factor of 36 and x.
12
Let d(q) = -q**3 + 8. Let a be d(0). Suppose a - 40 = -4*o. Calculate the highest common divisor of o and 32.
8
Let f(k) = k**3 + 6*k**2 - 2*k - 5. Let i be f(-5). What is the highest common divisor of 20 and i?
10
Let d(y) be the second derivative of y**5/20 + 2*y**4/3 + y**3 + y**2/2 - y. Let b be d(-7). Calculate the highest common factor of b and 4.
4
Let k be -2*((-3)/(-2) - 0). Let r be ((-18)/k)/(-3) - -26. Suppose 2*m = 4*m + 4*a - 20, -3*a - 24 = -5*m. What is the greatest common divisor of r and m?
6
Let i(h) = 14*h + 4. Let f be i(8). Suppose f = c + 12. Let m be (26/(0 - -2))/1. What is the highest common divisor of m and c?
13
Let a(h) = -15*h + 26. Let r be a(-6). Calculate the greatest common factor of r and 29.
29
Suppose 2*m - 46 = m. What is the highest common divisor of m and 23?
23
Let u = 251 - -50. What is the highest common factor of 43 and u?
43
Suppose 12*u + 88 = 16*u. Calculate the highest common divisor of u and 22.
22
Suppose 0*r + 3*w + 45 = 5*r, 0 = 3*r - 5*w - 43. Suppose r*z - 72 = 4*z. What is the highest common divisor of 12 and z?
12
Suppose -5*x + a = -2*x - 93, 5*x + 4*a - 138 = 0. Suppose -4*v + x = 3*j, 5*v - 6 - 9 = 0. What is the greatest common divisor of 12 and j?
6
Suppose -3*v - 4*g = -31, g = 4*v + v - 67. Let b = -1 + 0. Let m be -2*b*(-13)/(-2). What is the greatest common divisor of v and m?
13
Let v(s) = s**2 + 2*s - 1. Let b be v(-3). Let m be 109 - 1/((-2)/b). Suppose -4 = -4*z + 36. Calculate the greatest common factor of m and z.
10
Let q be (1 + -3)/(2/7). Let x(z) = z**3 + 7*z**2 - 3*z + 9. Let n be x(q). Suppose -2*r + 123 + 27 = 0. What is the greatest common factor of n and r?
15
Let w(r) = -4*r - 72. Let d be w(-24). Let g be (-4)/14 - 172/(-14). Calculate the greatest common factor of d and g.
12
Let w(d) be the second derivative of 3*d**3/2 + d**2/2 + d. Let o be w(2). Calculate the greatest common divisor of 209 and o.
19
Let y be (-4)/10 + (-24)/15. Let f be 429/6 + 1/y. Suppose -4*d = 15 - f. Calculate the greatest common factor of 14 and d.
14
Let w(z) = 11*z - 6. Let d be w(2). Calculate the greatest common factor of 24 and d.
8
Suppose 2*w - 2*u - 38 = -4*u, 0 = 2*w - u - 29. Let j = -27 - -67. Calculate the greatest common factor of j and w.
8
Let i = 25 - -6. Calculate the greatest common divisor of i and 31.
31
Let n(k) = k**2 + 3*k - 4. Let d be n(-4). Let x(a) = -a**2 - a + 20. Let s be x(d). Let q = 23 - 13. What is the highest common factor of s and q?
10
Suppose -6 = -5*v + 9. What is the highest common factor of 3 and v?
3
Suppose 0 = -h - 1, -5*f - h = -19. Calculate the greatest common divisor of 32 and f.
4
Let y = 0 - -1. Let u(v) = -10*v**3 + v**2. Let r be u(y). Let q be -2*r/6 + 4. What is the highest common factor of q and 7?
7
Suppose 4*b = -2*y - 0*y, 3*y = -b + 5. Let n = 4 + b. Suppose -n*j + 108 = -0*j. Calculate the highest common divisor of j and 12.
12
Let i be 12/((-6)/4 + 2). Suppose -3*j + 203 = -157. What is the highest common divisor of i and j?
24
Let g = 28 + -24. Calculate the highest common divisor of 16 and g.
4
Let a = 15 - -12. Calculate the greatest common factor of a and 135.
27
Let k(r) = 156*r**2 - 4*r + 2. Let m be k(1). What is the highest common divisor of 14 and m?
14
Let i be ((-16)/12)/((-3)/45). Calculate the greatest common divisor of 50 and i.
10
Let i be (1/(-2))/((-3)/78). What is the highest common factor of 13 and i?
13
Let q(s) = -3*s - 4. Let i be q(-3). Calculate the highest common divisor of 2 and i.
1
Suppose 3*o = -6*o + 252. Calculate the greatest common factor of o and 84.
28
Let d(h) = -h**3 + 6*h**2 + 27*h + 2. Let v be d(9). What is the highest common divisor of v and 22?
2
Let h = -30 + 41. Let v be (44/10)/(2/10). What is the greatest common factor of v and h?
11
Let r = 27 - 18. Suppose 5*h - 5*b - 167 - 53 = 0, 4*b - 229 = -5*h. What is the highest common factor of h and r?
9
Suppose 4*z - 21 - 14 = -3*v, -2*z - 4*v + 20 = 0. Let k(g) = -11*g + 5. Let a be k(z). Let l = 155 + a. Calculate the highest common factor of 8 and l.
8
Let k = -65 - -77. Let u(x) = x**3 + 4*x**2 - x + 4. Let o be u(-4). What is the greatest common divisor of o and k?
4
Let g = -19 + 29. Suppose -2*x + 30 = g. Let z be -2 + (2 + -14)/(-2). Calculate the greatest common factor of z and x.
2
Let v be 4/14 - 26/(-7). Suppose 2*z = p + 8 - 2, v*z + 5*p + 16 = 0. Let t be z/(-3) - (-76)/12. Calculate the highest common divisor of t and 3.
3
Let q(t) = -2*t**2 + 36*t + 42. Let r be q(19). What is the greatest common factor of r and 20?
4
Let b = 0 + 9. Let i = b - -3. Calculate the highest common divisor of i and 30.
6
Let i be 10/((-1 - -3)/2). Suppose -5*b - 5*f = 0, 6*f = f - i. Calculate the greatest common divisor of b and 14.
2
Let b be 19/3 - (-2)/(-6). Suppose -70 = v - b*v. Suppose -48 = -2*j - 3*y, 3*y - 4 = y. Calculate the greatest common factor of j and v.
7
Let a(j) = -7 + 0 - 5*j + 2 - 3 - 7*j**2 - j**3. Let o be a(-7). Let i be (6/(-8))/((-1)/12). Calculate the highest common factor of o and i.
9
Let w(j) = 3*j + 52. Let n be w(0). Calculate the highest common factor of n and 13.
13
Suppose -3*g + 466 = 2*b + 2*b, 5*b - 4*g = 567. C